
False
Is (3 - 1)/(2 + (-5616)/2811) prime?
True
Let k(g) = -5*g + 6. Let o be k(-7). Suppose -5*c - o - 4 = 0. Is 480/9 + 3/c prime?
True
Suppose -5*o + 659 = -266. Suppose -o + 2 = -v. Is v composite?
True
Let w(o) = o**2 - 5*o - 10. Let s be w(7). Let n be (s/(-2))/(3/(-3)). Suppose -d + n*b = -6*d + 781, 0 = -5*d - 4*b + 787. Is d composite?
True
Let w be -2 - (-3 + (-2 - -1)). Suppose -4*y - 6*n + 940 = -4*n, -2*y + w*n + 470 = 0. Is y prime?
False
Let i(q) = -2*q - 2. Let f be i(-4). Let h(y) = -8*y + 25. Let u(p) = -3. Let l(n) = -3*h(n) - 24*u(n). Is l(f) a composite number?
True
Let p be 28 - (-6)/(-3) - 2. Suppose 59 = -f - p. Let x = 4 - f. Is x prime?
False
Let b be (-122)/((-10)/(-6) - 1). Let f = b - -272. Is f a composite number?
False
Let s(r) = r**2 - 4. Let f be s(0). Let z = 99 - f. Is z a prime number?
True
Let c(u) = -22*u + 17. Is c(-5) a composite number?
False
Let r be 1 + 3/6*2. Let u be -2 - (40 + -2 + r). Let b = u - -79. Is b prime?
True
Let n = 105 - 167. Let w = n - -87. Is w composite?
True
Suppose -3*k + v + 5 = 0, 3*k = -4*v + 9 + 1. Let j(n) = 12*n - 5. Is j(k) a prime number?
True
Is 189 - (-6 + (4 - 0)) prime?
True
Suppose -2*f + 335 = -m + 857, -4*f - 2586 = -5*m. Is m a prime number?
False
Suppose 0 = 6*a - 16688 - 14074. Is a composite?
True
Is 4/10 - 465/(-25) a prime number?
True
Let f = 237 - 74. Is f a composite number?
False
Suppose 0 = 4*a - 1 - 3, -11 = -4*g - 3*a. Suppose 141 = 3*n - g*q, 6*n - n = 3*q + 236. Is n a composite number?
True
Suppose 9*v = v + 6296. Is v prime?
True
Let m(t) = 52*t**2 - t + 1. Is m(-2) composite?
False
Is (10/30)/(1/267) a prime number?
True
Suppose -s + 856 = 5*t, 4*t = 3*s + 141 - 2690. Is s composite?
True
Let r(o) = o + 14. Let d be 0/(1 - (0 - 1)). Is r(d) composite?
True
Suppose -388 = 3*x - 4*x. Suppose -27 - x = -5*s. Is s a prime number?
True
Suppose -2*l = -a + 76, 0 = 3*a - 2*l - 2*l - 234. Is 1 - (-1 - (-2 + a)) a composite number?
True
Suppose -4*q + 5*q - 199 = -3*i, 0 = -4*q + 16. Let g = -18 + i. Is g composite?
False
Suppose -2*d = -4*b - 22, -b + 4*b = -3*d + 6. Suppose -26 = -3*t - d. Suppose 6 = s - t. Is s a prime number?
True
Suppose 56*r = 54*r + 254. Is r a composite number?
False
Let o(q) be the second derivative of -q**5/20 + q**4/2 + q**3/3 - 5*q**2/2 - 3*q. Let i be -1 - (-1 + -8 + 2). Is o(i) a prime number?
True
Let b = -606 - -1087. Is b a composite number?
True
Let k be ((-15)/(-10))/(3/(-2)). Suppose -5*b - 67 = 4*y + 387, y = -3*b - 110. Let r = k - y. Is r composite?
True
Is 13343/(1/(3 - 2)) a prime number?
False
Let o(z) = z + 2. Let c(f) = -6*f**3 + f**2. Let p be c(-1). Let l be o(p). Let n(x) = -x**2 + 10*x + 6. Is n(l) a prime number?
False
Let j = -65 + 622. Is j a prime number?
True
Let k = -161 + 264. Is k prime?
True
Suppose 5*b + 10 = 0, -750 = -w + b + b. Suppose 113 - w = -3*n. Is n composite?
False
Suppose 2*j + 1561 = 4*j + 3*r, -5*j = -r - 3928. Is j prime?
False
Is 4 - (0 - 2601)/1 prime?
False
Let y = 1477 + -962. Suppose y = 8*q - 3*q. Is q prime?
True
Let z(i) = -4*i**3 - 16*i - 3 + 8 - i**3 + 14*i**2 + 13. Let f(r) = -4*r**3 + 13*r**2 - 15*r + 17. Let x(c) = 6*f(c) - 5*z(c). Is x(-9) prime?
False
Suppose -6*n + 2*n + 16 = 0. Suppose -n*m - 266 = -1078. Is m prime?
False
Suppose -9*x = -11*x + 6. Is x composite?
False
Suppose -4*y = -v - 1322, -6*y + 5*v + 1330 = -2*y. Suppose 322 = 4*w - y. Is w composite?
False
Let p = 12 + 34. Suppose 7*c - 3*c + 124 = 0. Let h = c + p. Is h a prime number?
False
Suppose -8319 = -3*o - 3*u, 5*o + u - 8327 = 2*o. Is o a composite number?
False
Let k(w) = -w + 3. Let j be k(0). Is 4 + j/(-1) + 108 composite?
False
Let d(q) be the second derivative of q**4/6 - q**3/6 + 3*q**2/2 + 2*q. Let v be d(5). Suppose -3*o = 4*r - 209, v = 2*r - r + 5*o. Is r prime?
True
Suppose 4*i + 2*p = 8634, -3*p + 5*p + 10797 = 5*i. Is i a prime number?
False
Suppose 4*j - 5*o + o + 8 = 0, j = -o + 4. Let f be (-15)/(-12)*(3 + j). Is 108/5 - (-2)/f prime?
False
Let y(s) = 4*s + 1. Let g be y(-2). Let d = g - -17. Is d prime?
False
Suppose 3*w = -5*r + 384, 0*r + 142 = w - 3*r. Is w prime?
False
Suppose -4*p - u + 15 = -0*p, -3*p - 4*u = -21. Let t(q) = q**2 - 5*q + 4. Let r be t(p). Is (776/(-12))/(r/3) prime?
True
Let v = 386 + -5. Suppose -3*u = -2*j - j - v, -u + 127 = j. Is u prime?
True
Let q(g) be the third derivative of g**5/15 + g**4/24 - g**3/3 - g**2. Is q(3) a composite number?
False
Is (-17488)/(-14) + (10/(-14))/5 a prime number?
True
Suppose -5*o = -2*o - 987. Is o prime?
False
Suppose -5*b - 200 - 110 = 0. Let u(k) = -12*k + 9. Let n be u(-7). Let z = b + n. Is z prime?
True
Let r(n) = 2*n + 7*n - 23*n + 5 - 20*n. Is r(-6) a prime number?
False
Is (2/3)/((4/(-15666))/(-1)) a composite number?
True
Suppose 2038 = 2*l - 3*c, 5*l + 3*c - 4494 = 580. Suppose i = 5*d - l, -5*i = -3 + 8. Is d a composite number?
True
Let f = -1730 - -3885. Is f a composite number?
True
Suppose 2*w - 1 = 3*w, -4*n + 5*w = -12937. Is n a composite number?
True
Suppose -66 - 8 = 2*h. Let s be -20 + 4/(-6)*-3. Let p = s - h. Is p composite?
False
Let u(k) = 7*k**2 + k. Let o be u(-1). Suppose 5*m = 10, -m - o = -i - 3*m. Suppose -i*j - 5*x = -63, 4*x = 4*j + x - 139. Is j a composite number?
True
Let j(s) be the third derivative of s**6/120 - 13*s**5/60 - s**4/6 + 2*s**3/3 + s**2. Let u be j(7). Is ((-14)/3)/(4/u) a composite number?
True
Suppose -3*w - 2*b + 15 = -0, 5*b = -15. Suppose 2*g = w*g - 15. Is g composite?
False
Let t(g) = 249*g - 7. Is t(2) a prime number?
True
Suppose 2*b = 2*s - 3*s, -5*s + 9 = b. Is 1*(-2)/(s/(-37)) prime?
True
Let l = 21 + -14. Let h(y) = 0*y + l - 5*y + 2*y. Is h(-8) composite?
False
Let x(j) = -12*j - 1. Let c be (-42 - -2)*(-2)/4. Suppose v = -5*l + 7, c = -4*v + 4*l - 0*l. Is x(v) prime?
False
Suppose 0 = -2*g - 2*g. Suppose 346 = 2*m - g*t - 4*t, -4*t = 4*m - 740. Is m a composite number?
False
Suppose 0*g - 2*g + 8 = 0. Suppose g*a - 9 - 15 = 0. Is 206/a + 6/9 prime?
False
Is -2 - (-1060 - (6 - 3)) a composite number?
False
Let v = 375 + -153. Let s = -273 - -130. Let d = s + v. Is d prime?
True
Let k(j) = -12*j**3 - 10*j**2 - 10*j - 7. Is k(-6) a composite number?
True
Let y(k) = -k + 1. Let i(v) = 2*v + 190. Let p(b) = i(b) + y(b). Is p(0) composite?
False
Let n = 57 - 29. Let r = 15 + n. Is r prime?
True
Suppose 2*q + 2*q = -420. Let p = q - -424. Is p a prime number?
False
Suppose p = -2*p + 1689. Is p prime?
True
Suppose -6 = 3*a + 15. Let f be a/(-2) - 6/4. Suppose -f*m = 3*o - 233 - 87, 4*m + 4*o - 644 = 0. Is m a composite number?
False
Let b(c) = -c**3 + 2*c**2 - c. Let l(r) = r. Let n be l(4). Let d be b(n). Let f = -1 - d. Is f prime?
False
Suppose -3*w - 5*m = -193, 2*w + m - 186 = -62. Suppose 0 = -7*z + 2*z + 70. Let t = w - z. Is t prime?
True
Let y = 1355 + -610. Let i(g) = 21*g**3 + g**2 + g + 1. Let p be i(-1). Is 1/(-4) - y/p prime?
True
Suppose -t + k + 65 = 0, 3*t + k - 152 = 63. Suppose 0*x - 20 = -4*x, -a + t = 5*x. Suppose 4*z = 103 + a. Is z a prime number?
True
Let g(m) = 5*m**2 + 12*m - 43. Is g(-14) prime?
True
Suppose 0 = -4*m - 1 + 9. Suppose -5*p - 14 = 5*v - 49, m*p - 5*v = 0. Suppose -220 = -p*k + 5*w, -4*k - 5*w + 62 = -105. Is k composite?
False
Let v(x) = -x + 7. Let p be v(9). Let d be (-2)/2*(p - 0). Suppose -d*w = w - 279. Is w a composite number?
True
Is -5 - (-772 + (-3 - -1)) prime?
True
Suppose -2*g + 0*g + 190 = 0. Is g a prime number?
False
Let z = 1 + 13. Suppose -10*c + z*c = 472. Is c composite?
True
Suppose 3445 = 19*i - 14*i. Is i composite?
True
Is (-1)/4 - 855/(-60) composite?
True
Suppose 0 = -n + r - 1, -5*n + 3*r = -0 - 1. Let j = n + 0. Is (-110)/(-3) - j/(-6) composite?
False
Suppose 4*j - 231 = 117. Is j composite?
True
Let c(t) = 23*t**2 + 7*t + 6. Let s(y) = -4*y**2 - y - 1. Let h(f) = f + 2. Let z be h(4). Let b(v) = z*c(v) + 34*s(v). Is b(-6) composite?
True
Suppose 3*r - 24 = 2*b - 5*b, 4*r + 13 = 5*b. Suppose -5*i + 1 = -l - r, -15 = -5*i. Is l prime?
True
Suppose 316 = -0*n + 4*n. Is n composite?
False
Suppose 5*q - 5*z - 2576 - 5959 = 0, -3*z = -2*q + 3412. Is q a prime number?
True
Let l = 26 - -57. Suppose 230 - l = a. Suppose -4*v + a = -v. Is v a composite number?
True
Let h(v) = -v**2 - 14*v - 13. Le